{"id":45,"date":"2023-11-23T10:50:11","date_gmt":"2023-11-23T13:50:11","guid":{"rendered":"https:\/\/orleonebooking.com\/?page_id=45"},"modified":"2024-05-10T11:37:52","modified_gmt":"2024-05-10T14:37:52","slug":"news","status":"publish","type":"page","link":"https:\/\/orleonebooking.com\/index.php\/news\/","title":{"rendered":"News"},"content":{"rendered":"\t\t<div data-elementor-type=\"wp-page\" data-elementor-id=\"45\" class=\"elementor elementor-45\" data-elementor-post-type=\"page\">\n\t\t\t\t\t\t\t\t\t<section class=\"elementor-section elementor-top-section elementor-element elementor-element-d6fc37a elementor-hidden-desktop elementor-hidden-tablet elementor-section-boxed elementor-section-height-default elementor-section-height-default\" data-id=\"d6fc37a\" data-element_type=\"section\" data-settings=\"{&quot;background_background&quot;:&quot;classic&quot;}\">\n\t\t\t\t\t\t<div class=\"elementor-container elementor-column-gap-default\">\n\t\t\t\t\t<div class=\"elementor-column elementor-col-100 elementor-top-column elementor-element elementor-element-43858b3\" data-id=\"43858b3\" data-element_type=\"column\" data-settings=\"{&quot;background_background&quot;:&quot;classic&quot;}\">\n\t\t\t<div class=\"elementor-widget-wrap elementor-element-populated\">\n\t\t\t\t\t\t\t\t<div class=\"elementor-element elementor-element-49ae791 elementor-widget elementor-widget-heading\" data-id=\"49ae791\" data-element_type=\"widget\" data-widget_type=\"heading.default\">\n\t\t\t\t<div class=\"elementor-widget-container\">\n\t\t\t<style>\/*! elementor - v3.15.0 - 20-08-2023 *\/\n.elementor-heading-title{padding:0;margin:0;line-height:1}.elementor-widget-heading .elementor-heading-title[class*=elementor-size-]>a{color:inherit;font-size:inherit;line-height:inherit}.elementor-widget-heading .elementor-heading-title.elementor-size-small{font-size:15px}.elementor-widget-heading .elementor-heading-title.elementor-size-medium{font-size:19px}.elementor-widget-heading .elementor-heading-title.elementor-size-large{font-size:29px}.elementor-widget-heading .elementor-heading-title.elementor-size-xl{font-size:39px}.elementor-widget-heading .elementor-heading-title.elementor-size-xxl{font-size:59px}<\/style><h2 class=\"elementor-heading-title elementor-size-default\">NEWS<\/h2>\t\t<\/div>\n\t\t\t\t<\/div>\n\t\t\t\t\t<\/div>\n\t\t<\/div>\n\t\t\t\t\t\t\t<\/div>\n\t\t<\/section>\n\t\t\t\t<section class=\"elementor-section elementor-top-section elementor-element elementor-element-25ee8e0e elementor-section-boxed elementor-section-height-default elementor-section-height-default\" data-id=\"25ee8e0e\" data-element_type=\"section\" data-settings=\"{&quot;background_background&quot;:&quot;classic&quot;}\">\n\t\t\t\t\t\t<div class=\"elementor-container elementor-column-gap-default\">\n\t\t\t\t\t<div class=\"elementor-column elementor-col-66 elementor-top-column elementor-element elementor-element-7e4e53c8\" data-id=\"7e4e53c8\" data-element_type=\"column\">\n\t\t\t<div class=\"elementor-widget-wrap elementor-element-populated\">\n\t\t\t\t\t\t\t\t<section class=\"elementor-section elementor-inner-section elementor-element elementor-element-8cc4241 elementor-section-full_width elementor-hidden-mobile elementor-section-height-default elementor-section-height-default\" data-id=\"8cc4241\" data-element_type=\"section\">\n\t\t\t\t\t\t<div class=\"elementor-container elementor-column-gap-default\">\n\t\t\t\t\t<div class=\"elementor-column elementor-col-100 elementor-inner-column elementor-element elementor-element-7a5cdf22\" data-id=\"7a5cdf22\" data-element_type=\"column\">\n\t\t\t<div class=\"elementor-widget-wrap elementor-element-populated\">\n\t\t\t\t\t\t\t\t<div class=\"elementor-element elementor-element-1f7232d7 elementor-grid-1 elementor-posts--thumbnail-left elementor-grid-tablet-1 elementor-posts--align-left elementor-grid-mobile-1 elementor-invisible elementor-widget elementor-widget-posts\" data-id=\"1f7232d7\" data-element_type=\"widget\" data-settings=\"{&quot;classic_columns&quot;:&quot;1&quot;,&quot;classic_columns_tablet&quot;:&quot;1&quot;,&quot;classic_row_gap&quot;:{&quot;unit&quot;:&quot;px&quot;,&quot;size&quot;:28,&quot;sizes&quot;:[]},&quot;_animation&quot;:&quot;fadeIn&quot;,&quot;classic_columns_mobile&quot;:&quot;1&quot;,&quot;classic_row_gap_tablet&quot;:{&quot;unit&quot;:&quot;px&quot;,&quot;size&quot;:&quot;&quot;,&quot;sizes&quot;:[]},&quot;classic_row_gap_mobile&quot;:{&quot;unit&quot;:&quot;px&quot;,&quot;size&quot;:&quot;&quot;,&quot;sizes&quot;:[]}}\" data-widget_type=\"posts.classic\">\n\t\t\t\t<div class=\"elementor-widget-container\">\n\t\t\t<link rel=\"stylesheet\" href=\"https:\/\/orleonebooking.com\/wp-content\/plugins\/elementor-pro\/assets\/css\/widget-posts.min.css\">\t\t<div class=\"elementor-posts-container elementor-posts elementor-posts--skin-classic elementor-grid\">\n\t\t\t\t<article class=\"elementor-post elementor-grid-item post-819 post type-post status-publish format-standard hentry category-next-tours\">\n\t\t\t\t<div class=\"elementor-post__text\">\n\t\t\t\t<h3 class=\"elementor-post__title\">\n\t\t\t<a href=\"https:\/\/orleonebooking.com\/index.php\/2025\/02\/10\/escalpo-tour-2025\/\" >\n\t\t\t\tEscalpo tour 2025\t\t\t<\/a>\n\t\t<\/h3>\n\t\t\t\t<div class=\"elementor-post__excerpt\">\n\t\t\t\t\t<\/div>\n\t\t\n\t\t<a class=\"elementor-post__read-more\" href=\"https:\/\/orleonebooking.com\/index.php\/2025\/02\/10\/escalpo-tour-2025\/\" aria-label=\"Read more about Escalpo tour 2025\" >\n\t\t\tRead More\t\t<\/a>\n\n\t\t\t\t<\/div>\n\t\t\t\t<\/article>\n\t\t\t\t<article class=\"elementor-post elementor-grid-item post-816 post type-post status-publish format-standard hentry category-news category-next-tours category-past-tours\">\n\t\t\t\t<div class=\"elementor-post__text\">\n\t\t\t\t<h3 class=\"elementor-post__title\">\n\t\t\t<a href=\"https:\/\/orleonebooking.com\/index.php\/2024\/12\/10\/refugiadas\/\" >\n\t\t\t\tRefugiadas\t\t\t<\/a>\n\t\t<\/h3>\n\t\t\t\t<div class=\"elementor-post__excerpt\">\n\t\t\t\t\t<\/div>\n\t\t\n\t\t<a class=\"elementor-post__read-more\" href=\"https:\/\/orleonebooking.com\/index.php\/2024\/12\/10\/refugiadas\/\" aria-label=\"Read more about Refugiadas\" >\n\t\t\tRead More\t\t<\/a>\n\n\t\t\t\t<\/div>\n\t\t\t\t<\/article>\n\t\t\t\t<article class=\"elementor-post elementor-grid-item post-812 post type-post status-publish format-standard hentry category-blog category-news\">\n\t\t\t\t<div class=\"elementor-post__text\">\n\t\t\t\t<h3 class=\"elementor-post__title\">\n\t\t\t<a href=\"https:\/\/orleonebooking.com\/index.php\/2024\/10\/10\/lucky-friends-rodeo-vii-confirmado-nos-dias-19-e-20-outubro-de-2024\/\" >\n\t\t\t\tLUCKY FRIENDS RODEO VII CONFIRMADO NOS DIAS 19 E 20\/OUTUBRO DE 2024\t\t\t<\/a>\n\t\t<\/h3>\n\t\t\t\t<div class=\"elementor-post__excerpt\">\n\t\t\t<p>A s\u00e9tima edi\u00e7\u00e3o do LUCKY FRIENDS RODEO ser\u00e1 realizada nos dias 19 e 20 de Outubro de 2024 na Arena Lucky Friends em Sorocaba\/SP e contar\u00e1 com um lineup incr\u00edvel!!! SUPERSUCKERS &#8211; MICHALE GRAVES &#8211; PETER PAN SPEEDROCK &#8211; KLINGONZ &#8211; HILLBILLY RAWHIDE &#8211; FREEBORN BROTHERS &#8211; JAYKE ORVIS &amp; BULLSHIT BROTHERS &#8211; REVEREND BEAT-MAN &#8211; THE ELDERLY BOYS &#8211; CIGARRAS &#8211; GABRIEL THOMAZ &#8211; GASOLINES- RED LIGHTS GANG &#8211; CAPIT\u00c3O TAVERNA &#8211;<\/p>\n\t\t<\/div>\n\t\t\n\t\t<a class=\"elementor-post__read-more\" href=\"https:\/\/orleonebooking.com\/index.php\/2024\/10\/10\/lucky-friends-rodeo-vii-confirmado-nos-dias-19-e-20-outubro-de-2024\/\" aria-label=\"Read more about LUCKY FRIENDS RODEO VII CONFIRMADO NOS DIAS 19 E 20\/OUTUBRO DE 2024\" >\n\t\t\tRead More\t\t<\/a>\n\n\t\t\t\t<\/div>\n\t\t\t\t<\/article>\n\t\t\t\t<\/div>\n\t\t\n\t\t\t\t<\/div>\n\t\t\t\t<\/div>\n\t\t\t\t\t<\/div>\n\t\t<\/div>\n\t\t\t\t\t\t\t<\/div>\n\t\t<\/section>\n\t\t\t\t<section class=\"elementor-section elementor-inner-section elementor-element elementor-element-3b03454 elementor-section-full_width elementor-hidden-desktop elementor-hidden-tablet elementor-section-height-default elementor-section-height-default\" data-id=\"3b03454\" data-element_type=\"section\" data-settings=\"{&quot;background_background&quot;:&quot;classic&quot;}\">\n\t\t\t\t\t\t<div class=\"elementor-container elementor-column-gap-default\">\n\t\t\t\t\t<div class=\"elementor-column elementor-col-100 elementor-inner-column elementor-element elementor-element-33ecce3\" data-id=\"33ecce3\" data-element_type=\"column\">\n\t\t\t<div class=\"elementor-widget-wrap elementor-element-populated\">\n\t\t\t\t\t\t\t\t<div class=\"elementor-element elementor-element-26f4dc5 elementor-grid-1 elementor-grid-tablet-1 elementor-posts--align-left elementor-grid-mobile-1 elementor-posts--thumbnail-top elementor-invisible elementor-widget elementor-widget-posts\" data-id=\"26f4dc5\" data-element_type=\"widget\" data-settings=\"{&quot;classic_columns&quot;:&quot;1&quot;,&quot;classic_columns_tablet&quot;:&quot;1&quot;,&quot;classic_row_gap&quot;:{&quot;unit&quot;:&quot;px&quot;,&quot;size&quot;:28,&quot;sizes&quot;:[]},&quot;_animation&quot;:&quot;fadeIn&quot;,&quot;classic_columns_mobile&quot;:&quot;1&quot;,&quot;classic_row_gap_tablet&quot;:{&quot;unit&quot;:&quot;px&quot;,&quot;size&quot;:&quot;&quot;,&quot;sizes&quot;:[]},&quot;classic_row_gap_mobile&quot;:{&quot;unit&quot;:&quot;px&quot;,&quot;size&quot;:&quot;&quot;,&quot;sizes&quot;:[]}}\" data-widget_type=\"posts.classic\">\n\t\t\t\t<div class=\"elementor-widget-container\">\n\t\t\t\t\t<div class=\"elementor-posts-container elementor-posts elementor-posts--skin-classic elementor-grid\">\n\t\t\t\t<article class=\"elementor-post elementor-grid-item post-819 post type-post status-publish format-standard hentry category-next-tours\">\n\t\t\t\t<div class=\"elementor-post__text\">\n\t\t\t\t<h3 class=\"elementor-post__title\">\n\t\t\t<a href=\"https:\/\/orleonebooking.com\/index.php\/2025\/02\/10\/escalpo-tour-2025\/\" >\n\t\t\t\tEscalpo tour 2025\t\t\t<\/a>\n\t\t<\/h3>\n\t\t\t\t<div class=\"elementor-post__excerpt\">\n\t\t\t\t\t<\/div>\n\t\t\n\t\t<a class=\"elementor-post__read-more\" href=\"https:\/\/orleonebooking.com\/index.php\/2025\/02\/10\/escalpo-tour-2025\/\" aria-label=\"Read more about Escalpo tour 2025\" >\n\t\t\tRead More\t\t<\/a>\n\n\t\t\t\t<\/div>\n\t\t\t\t<\/article>\n\t\t\t\t<article class=\"elementor-post elementor-grid-item post-816 post type-post status-publish format-standard hentry category-news category-next-tours category-past-tours\">\n\t\t\t\t<div class=\"elementor-post__text\">\n\t\t\t\t<h3 class=\"elementor-post__title\">\n\t\t\t<a href=\"https:\/\/orleonebooking.com\/index.php\/2024\/12\/10\/refugiadas\/\" >\n\t\t\t\tRefugiadas\t\t\t<\/a>\n\t\t<\/h3>\n\t\t\t\t<div class=\"elementor-post__excerpt\">\n\t\t\t\t\t<\/div>\n\t\t\n\t\t<a class=\"elementor-post__read-more\" href=\"https:\/\/orleonebooking.com\/index.php\/2024\/12\/10\/refugiadas\/\" aria-label=\"Read more about Refugiadas\" >\n\t\t\tRead More\t\t<\/a>\n\n\t\t\t\t<\/div>\n\t\t\t\t<\/article>\n\t\t\t\t<article class=\"elementor-post elementor-grid-item post-812 post type-post status-publish format-standard hentry category-blog category-news\">\n\t\t\t\t<div class=\"elementor-post__text\">\n\t\t\t\t<h3 class=\"elementor-post__title\">\n\t\t\t<a href=\"https:\/\/orleonebooking.com\/index.php\/2024\/10\/10\/lucky-friends-rodeo-vii-confirmado-nos-dias-19-e-20-outubro-de-2024\/\" >\n\t\t\t\tLUCKY FRIENDS RODEO VII CONFIRMADO NOS DIAS 19 E 20\/OUTUBRO DE 2024\t\t\t<\/a>\n\t\t<\/h3>\n\t\t\t\t<div class=\"elementor-post__excerpt\">\n\t\t\t<p>A s\u00e9tima edi\u00e7\u00e3o do LUCKY FRIENDS RODEO ser\u00e1 realizada nos dias 19 e 20 de Outubro de 2024 na Arena Lucky Friends em Sorocaba\/SP e contar\u00e1 com um lineup incr\u00edvel!!! SUPERSUCKERS &#8211; MICHALE GRAVES &#8211; PETER PAN SPEEDROCK &#8211; KLINGONZ &#8211; HILLBILLY RAWHIDE &#8211; FREEBORN BROTHERS &#8211; JAYKE ORVIS &amp; BULLSHIT BROTHERS &#8211; REVEREND BEAT-MAN &#8211; THE ELDERLY BOYS &#8211; CIGARRAS &#8211; GABRIEL THOMAZ &#8211; GASOLINES- RED LIGHTS GANG &#8211; CAPIT\u00c3O TAVERNA &#8211;<\/p>\n\t\t<\/div>\n\t\t\n\t\t<a class=\"elementor-post__read-more\" href=\"https:\/\/orleonebooking.com\/index.php\/2024\/10\/10\/lucky-friends-rodeo-vii-confirmado-nos-dias-19-e-20-outubro-de-2024\/\" aria-label=\"Read more about LUCKY FRIENDS RODEO VII CONFIRMADO NOS DIAS 19 E 20\/OUTUBRO DE 2024\" >\n\t\t\tRead More\t\t<\/a>\n\n\t\t\t\t<\/div>\n\t\t\t\t<\/article>\n\t\t\t\t<\/div>\n\t\t\n\t\t\t\t<\/div>\n\t\t\t\t<\/div>\n\t\t\t\t\t<\/div>\n\t\t<\/div>\n\t\t\t\t\t\t\t<\/div>\n\t\t<\/section>\n\t\t\t\t\t<\/div>\n\t\t<\/div>\n\t\t\t\t<div class=\"elementor-column elementor-col-33 elementor-top-column elementor-element elementor-element-111b598a\" data-id=\"111b598a\" data-element_type=\"column\" data-settings=\"{&quot;background_background&quot;:&quot;classic&quot;}\">\n\t\t\t<div class=\"elementor-widget-wrap elementor-element-populated\">\n\t\t\t\t\t\t\t\t<section class=\"elementor-section elementor-inner-section elementor-element elementor-element-5a107c3 elementor-section-full_width elementor-section-height-default elementor-section-height-default\" data-id=\"5a107c3\" data-element_type=\"section\" data-settings=\"{&quot;background_background&quot;:&quot;classic&quot;}\">\n\t\t\t\t\t\t<div class=\"elementor-container elementor-column-gap-no\">\n\t\t\t\t\t<div class=\"elementor-column elementor-col-100 elementor-inner-column elementor-element elementor-element-fe80eca\" data-id=\"fe80eca\" data-element_type=\"column\">\n\t\t\t<div class=\"elementor-widget-wrap elementor-element-populated\">\n\t\t\t\t\t\t\t\t<div class=\"elementor-element elementor-element-4ee957d elementor-widget elementor-widget-image\" data-id=\"4ee957d\" data-element_type=\"widget\" data-widget_type=\"image.default\">\n\t\t\t\t<div class=\"elementor-widget-container\">\n\t\t\t<style>\/*! elementor - v3.15.0 - 20-08-2023 *\/\n.elementor-widget-image{text-align:center}.elementor-widget-image a{display:inline-block}.elementor-widget-image a img[src$=\".svg\"]{width:48px}.elementor-widget-image img{vertical-align:middle;display:inline-block}<\/style>\t\t\t\t\t\t\t\t\t\t\t\t\t<a href=\"https:\/\/thrashoutrecords.bandcamp.com\/\" target=\"_blank\">\n\t\t\t\t\t\t\t<img loading=\"lazy\" decoding=\"async\" width=\"1969\" height=\"2047\" src=\"https:\/\/orleonebooking.com\/wp-content\/uploads\/2023\/12\/Escalpo.jpg\" class=\"attachment-full size-full wp-image-594\" alt=\"\" srcset=\"https:\/\/orleonebooking.com\/wp-content\/uploads\/2023\/12\/Escalpo.jpg 1969w, https:\/\/orleonebooking.com\/wp-content\/uploads\/2023\/12\/Escalpo-289x300.jpg 289w, https:\/\/orleonebooking.com\/wp-content\/uploads\/2023\/12\/Escalpo-985x1024.jpg 985w, https:\/\/orleonebooking.com\/wp-content\/uploads\/2023\/12\/Escalpo-768x798.jpg 768w, https:\/\/orleonebooking.com\/wp-content\/uploads\/2023\/12\/Escalpo-1477x1536.jpg 1477w, https:\/\/orleonebooking.com\/wp-content\/uploads\/2023\/12\/Escalpo-1000x1040.jpg 1000w, https:\/\/orleonebooking.com\/wp-content\/uploads\/2023\/12\/Escalpo-230x239.jpg 230w, https:\/\/orleonebooking.com\/wp-content\/uploads\/2023\/12\/Escalpo-350x364.jpg 350w, https:\/\/orleonebooking.com\/wp-content\/uploads\/2023\/12\/Escalpo-480x499.jpg 480w\" sizes=\"auto, (max-width: 1969px) 100vw, 1969px\" \/>\t\t\t\t\t\t\t\t<\/a>\n\t\t\t\t\t\t\t\t\t\t\t\t\t\t\t<\/div>\n\t\t\t\t<\/div>\n\t\t\t\t\t<\/div>\n\t\t<\/div>\n\t\t\t\t\t\t\t<\/div>\n\t\t<\/section>\n\t\t\t\t<section class=\"elementor-section elementor-inner-section elementor-element elementor-element-a81f6a8 elementor-section-full_width elementor-section-height-default elementor-section-height-default\" data-id=\"a81f6a8\" data-element_type=\"section\" data-settings=\"{&quot;background_background&quot;:&quot;classic&quot;}\">\n\t\t\t\t\t\t<div class=\"elementor-container elementor-column-gap-no\">\n\t\t\t\t\t<div class=\"elementor-column elementor-col-100 elementor-inner-column elementor-element elementor-element-0db538c\" data-id=\"0db538c\" data-element_type=\"column\">\n\t\t\t<div class=\"elementor-widget-wrap elementor-element-populated\">\n\t\t\t\t\t\t\t\t<div class=\"elementor-element elementor-element-e140268 elementor-widget elementor-widget-image\" data-id=\"e140268\" data-element_type=\"widget\" data-widget_type=\"image.default\">\n\t\t\t\t<div class=\"elementor-widget-container\">\n\t\t\t\t\t\t\t\t\t\t\t\t\t\t\t<img loading=\"lazy\" decoding=\"async\" width=\"815\" height=\"237\" src=\"https:\/\/orleonebooking.com\/wp-content\/uploads\/2023\/11\/demon_speed_logo.jpg\" class=\"attachment-large size-large wp-image-17\" alt=\"\" srcset=\"https:\/\/orleonebooking.com\/wp-content\/uploads\/2023\/11\/demon_speed_logo.jpg 815w, https:\/\/orleonebooking.com\/wp-content\/uploads\/2023\/11\/demon_speed_logo-300x87.jpg 300w, https:\/\/orleonebooking.com\/wp-content\/uploads\/2023\/11\/demon_speed_logo-768x223.jpg 768w, https:\/\/orleonebooking.com\/wp-content\/uploads\/2023\/11\/demon_speed_logo-230x67.jpg 230w, https:\/\/orleonebooking.com\/wp-content\/uploads\/2023\/11\/demon_speed_logo-350x102.jpg 350w, https:\/\/orleonebooking.com\/wp-content\/uploads\/2023\/11\/demon_speed_logo-480x140.jpg 480w\" sizes=\"auto, (max-width: 815px) 100vw, 815px\" \/>\t\t\t\t\t\t\t\t\t\t\t\t\t\t\t<\/div>\n\t\t\t\t<\/div>\n\t\t\t\t\t<\/div>\n\t\t<\/div>\n\t\t\t\t\t\t\t<\/div>\n\t\t<\/section>\n\t\t\t\t<section class=\"elementor-section elementor-inner-section elementor-element elementor-element-15a7fb3a elementor-section-full_width elementor-section-height-default elementor-section-height-default\" data-id=\"15a7fb3a\" data-element_type=\"section\" data-settings=\"{&quot;background_background&quot;:&quot;classic&quot;}\">\n\t\t\t\t\t\t<div class=\"elementor-container elementor-column-gap-no\">\n\t\t\t\t\t<div class=\"elementor-column elementor-col-100 elementor-inner-column elementor-element elementor-element-190ccbfb\" data-id=\"190ccbfb\" data-element_type=\"column\">\n\t\t\t<div class=\"elementor-widget-wrap elementor-element-populated\">\n\t\t\t\t\t\t\t\t<div class=\"elementor-element elementor-element-8315344 elementor-widget elementor-widget-image\" data-id=\"8315344\" data-element_type=\"widget\" data-widget_type=\"image.default\">\n\t\t\t\t<div class=\"elementor-widget-container\">\n\t\t\t\t\t\t\t\t\t\t\t\t\t\t\t<img loading=\"lazy\" decoding=\"async\" width=\"854\" height=\"1024\" src=\"https:\/\/orleonebooking.com\/wp-content\/uploads\/2023\/11\/Psycho_to_the_bone-854x1024.jpg\" class=\"attachment-large size-large wp-image-75\" alt=\"\" srcset=\"https:\/\/orleonebooking.com\/wp-content\/uploads\/2023\/11\/Psycho_to_the_bone-854x1024.jpg 854w, https:\/\/orleonebooking.com\/wp-content\/uploads\/2023\/11\/Psycho_to_the_bone-250x300.jpg 250w, https:\/\/orleonebooking.com\/wp-content\/uploads\/2023\/11\/Psycho_to_the_bone-768x921.jpg 768w, https:\/\/orleonebooking.com\/wp-content\/uploads\/2023\/11\/Psycho_to_the_bone-1280x1536.jpg 1280w, https:\/\/orleonebooking.com\/wp-content\/uploads\/2023\/11\/Psycho_to_the_bone-1000x1200.jpg 1000w, https:\/\/orleonebooking.com\/wp-content\/uploads\/2023\/11\/Psycho_to_the_bone-230x276.jpg 230w, https:\/\/orleonebooking.com\/wp-content\/uploads\/2023\/11\/Psycho_to_the_bone-350x420.jpg 350w, https:\/\/orleonebooking.com\/wp-content\/uploads\/2023\/11\/Psycho_to_the_bone-480x576.jpg 480w, https:\/\/orleonebooking.com\/wp-content\/uploads\/2023\/11\/Psycho_to_the_bone.jpg 1707w\" sizes=\"auto, (max-width: 854px) 100vw, 854px\" \/>\t\t\t\t\t\t\t\t\t\t\t\t\t\t\t<\/div>\n\t\t\t\t<\/div>\n\t\t\t\t<div class=\"elementor-element elementor-element-085ace8 elementor-widget elementor-widget-image\" data-id=\"085ace8\" data-element_type=\"widget\" data-widget_type=\"image.default\">\n\t\t\t\t<div class=\"elementor-widget-container\">\n\t\t\t\t\t\t\t\t\t\t\t\t\t\t\t<img loading=\"lazy\" decoding=\"async\" width=\"1024\" height=\"1024\" src=\"https:\/\/orleonebooking.com\/wp-content\/uploads\/2023\/12\/mmm.jpg\" class=\"attachment-large size-large wp-image-572\" alt=\"\" srcset=\"https:\/\/orleonebooking.com\/wp-content\/uploads\/2023\/12\/mmm.jpg 1024w, https:\/\/orleonebooking.com\/wp-content\/uploads\/2023\/12\/mmm-300x300.jpg 300w, https:\/\/orleonebooking.com\/wp-content\/uploads\/2023\/12\/mmm-150x150.jpg 150w, https:\/\/orleonebooking.com\/wp-content\/uploads\/2023\/12\/mmm-768x768.jpg 768w, https:\/\/orleonebooking.com\/wp-content\/uploads\/2023\/12\/mmm-1000x1000.jpg 1000w, https:\/\/orleonebooking.com\/wp-content\/uploads\/2023\/12\/mmm-230x230.jpg 230w, https:\/\/orleonebooking.com\/wp-content\/uploads\/2023\/12\/mmm-350x350.jpg 350w, https:\/\/orleonebooking.com\/wp-content\/uploads\/2023\/12\/mmm-480x480.jpg 480w\" sizes=\"auto, (max-width: 1024px) 100vw, 1024px\" \/>\t\t\t\t\t\t\t\t\t\t\t\t\t\t\t<\/div>\n\t\t\t\t<\/div>\n\t\t\t\t\t<\/div>\n\t\t<\/div>\n\t\t\t\t\t\t\t<\/div>\n\t\t<\/section>\n\t\t\t\t\t<\/div>\n\t\t<\/div>\n\t\t\t\t\t\t\t<\/div>\n\t\t<\/section>\n\t\t\t\t\t\t\t<\/div>\n\t\t","protected":false},"excerpt":{"rendered":"<p>NEWS<\/p>\n","protected":false},"author":1,"featured_media":0,"parent":0,"menu_order":0,"comment_status":"closed","ping_status":"closed","template":"elementor_header_footer","meta":{"footnotes":""},"class_list":["post-45","page","type-page","status-publish","hentry"],"_links":{"self":[{"href":"https:\/\/orleonebooking.com\/index.php\/wp-json\/wp\/v2\/pages\/45","targetHints":{"allow":["GET"]}}],"collection":[{"href":"https:\/\/orleonebooking.com\/index.php\/wp-json\/wp\/v2\/pages"}],"about":[{"href":"https:\/\/orleonebooking.com\/index.php\/wp-json\/wp\/v2\/types\/page"}],"author":[{"embeddable":true,"href":"https:\/\/orleonebooking.com\/index.php\/wp-json\/wp\/v2\/users\/1"}],"replies":[{"embeddable":true,"href":"https:\/\/orleonebooking.com\/index.php\/wp-json\/wp\/v2\/comments?post=45"}],"version-history":[{"count":235,"href":"https:\/\/orleonebooking.com\/index.php\/wp-json\/wp\/v2\/pages\/45\/revisions"}],"predecessor-version":[{"id":800,"href":"https:\/\/orleonebooking.com\/index.php\/wp-json\/wp\/v2\/pages\/45\/revisions\/800"}],"wp:attachment":[{"href":"https:\/\/orleonebooking.com\/index.php\/wp-json\/wp\/v2\/media?parent=45"}],"curies":[{"name":"wp","href":"https:\/\/api.w.org\/{rel}","templated":true}]}}